divisor of 444 and 732.
12
What is the greatest common factor of 3 and 6?
3
What is the highest common factor of 36 and 324?
36
Calculate the highest common divisor of 9 and 14.
1
Calculate the highest common divisor of 6540 and 60.
60
Calculate the highest common factor of 105 and 483.
21
What is the greatest common factor of 1102 and 58?
58
Calculate the greatest common factor of 25 and 1.
1
Calculate the greatest common divisor of 11 and 836.
11
Calculate the highest common divisor of 6 and 417.
3
What is the greatest common factor of 76 and 36727?
19
Calculate the greatest common divisor of 50 and 4050.
50
Calculate the highest common divisor of 3 and 17.
1
What is the highest common factor of 23 and 437?
23
Calculate the highest common divisor of 104 and 845.
13
Calculate the greatest common factor of 240 and 48.
48
Calculate the highest common divisor of 126 and 5985.
63
What is the greatest common divisor of 690 and 1650?
30
What is the highest common divisor of 901 and 68?
17
What is the highest common divisor of 174 and 6?
6
Calculate the greatest common divisor of 44 and 396.
44
Calculate the highest common divisor of 765 and 4131.
153
Calculate the highest common divisor of 2294 and 403.
31
What is the greatest common factor of 416 and 5408?
416
What is the highest common divisor of 81 and 837?
27
Calculate the greatest common divisor of 11 and 76.
1
What is the highest common factor of 13410 and 270?
90
What is the greatest common divisor of 1149 and 24?
3
What is the highest common divisor of 75 and 6?
3
What is the greatest common factor of 80 and 4320?
80
Calculate the highest common factor of 792 and 24.
24
Calculate the greatest common divisor of 115 and 161.
23
What is the highest common factor of 459 and 272?
17
Calculate the greatest common divisor of 15422 and 110.
22
What is the greatest common factor of 42 and 1722?
42
Calculate the greatest common factor of 1854 and 45.
9
What is the highest common divisor of 17 and 15657?
17
What is the greatest common factor of 279 and 285?
3
What is the greatest common factor of 49 and 21?
7
Calculate the highest common factor of 40 and 160.
40
What is the greatest common divisor of 759 and 69?
69
What is the greatest common divisor of 7 and 8?
1
What is the highest common divisor of 202 and 21311?
101
Calculate the highest common factor of 162 and 108.
54
Calculate the highest common divisor of 16 and 44.
4
Calculate the highest common factor of 36 and 3504.
12
Calculate the greatest common factor of 604 and 18.
2
Calculate the greatest common divisor of 33 and 3729.
33
What is the highest common factor of 34 and 289?
17
What is the highest common factor of 219 and 39?
3
Calculate the greatest common factor of 532 and 114.
38
What is the highest common divisor of 966 and 42?
42
What is the highest common factor of 294 and 686?
98
What is the highest common divisor of 322 and 14?
14
Calculate the greatest common divisor of 25 and 6.
1
What is the greatest common factor of 9 and 111?
3
What is the highest common divisor of 47 and 141?
47
Calculate the highest common factor of 7 and 2170.
7
Calculate the greatest common divisor of 231 and 1089.
33
Calculate the highest common factor of 10 and 147.
1
Calculate the highest common divisor of 336 and 378.
42
What is the greatest common divisor of 38 and 4503?
19
Calculate the greatest common factor of 72 and 2424.
24
Calculate the highest common divisor of 188 and 8.
4
What is the greatest common factor of 23 and 736?
23
What is the greatest common divisor of 1 and 281?
1
What is the greatest common divisor of 26 and 494?
26
Calculate the greatest common divisor of 8203 and 13.
13
Calculate the greatest common divisor of 296 and 56.
8
What is the greatest common factor of 37 and 851?
37
Calculate the greatest common factor of 663 and 5661.
51
Calculate the highest common divisor of 32857 and 103.
103
Calculate the highest common factor of 156 and 60.
12
Calculate the greatest common divisor of 136 and 85.
17
What is the greatest common divisor of 817 and 5074?
43
What is the greatest common divisor of 42 and 189?
21
Calculate the highest common divisor of 434 and 186.
62
What is the greatest common divisor of 56 and 630?
14
Calculate the highest common factor of 8 and 23.
1
What is the highest common factor of 126 and 693?
63
What is the highest common factor of 74 and 592?
74
What is the highest common divisor of 589 and 682?
31
What is the greatest common factor of 2279 and 265?
53
What is the highest common factor of 253 and 33?
11
Calculate the highest common divisor of 115 and 43470.
115
Calculate the highest common divisor of 1335 and 10.
5
What is the highest common divisor of 682 and 62?
62
Calculate the highest common divisor of 114 and 285.
57
Calculate the greatest common divisor of 59 and 2773.
59
What is the greatest common divisor of 1394 and 328?
82
What is the highest common factor of 440 and 460?
20
What is the highest common divisor of 115 and 69?
23
Calculate the greatest common divisor of 3225 and 300.
75
Calculate the highest common divisor of 44 and 332.
4
What is the highest common divisor of 1635 and 15?
15
What is the highest common factor of 374 and 442?
34
Calculate the greatest common factor of 14 and 56.
14
What is the highest common factor of 42 and 63?
21
What is the greatest common divisor of 675 and 162?
27
What is the highest common divisor of 55 and 3971?
11
Calculate the greatest common factor of 6088 and 8.
8
What is the greatest common factor of 2 and 423?
1
Calculate the greatest common divisor of 165 and 120.
15
Calculate the highest common factor of 39 and 58227.
39
What is the highest common divisor of 242 and 33?
11
What is the greatest common divisor of 1770 and 480?
30
Calculate the greatest common divisor of 117 and 2301.
39
Calculate the highest common divisor of 141 and 2491.
47
What is the greatest common divisor of 87 and 20271?
87
What is the greatest common divisor of 32 and 400?
16
What is the highest common factor of 105 and 2670?
15
Calculate the greatest common factor of 34 and 901.
17
Calculate the highest common divisor of 41 and 3239.
41
What is the highest common divisor of 3875 and 744?
31
Calculate the highest common factor of 232 and 174.
58
What is the highest common divisor of 187 and 85?
17
What is the greatest common factor of 21 and 3?
3
Calculate the greatest common divisor of 1113 and 336.
21
Calculate the highest common divisor of 116 and 261.
29
Calculate the highest common factor of 8479 and 183.
61
Calculate the greatest common divisor of 270 and 72.
18
What is the greatest common factor of 45 and 225?
45
What is the highest common divisor of 736 and 46?
46
What is the greatest common factor of 18577 and 13?
13
Calculate the greatest common divisor of 4 and 9.
1
Calculate the greatest common divisor of 13140 and 36.
36
Calculate the highest common divisor of 2034 and 207.
9
Calculate the highest common factor of 2666 and 62.
62
What is the highest common divisor of 90 and 1395?
45
Calculate the highest common factor of 1984 and 192.
64
What is the greatest common factor of 410 and 5535?
205
Calculate the greatest common divisor of 7 and 11837.
7
Calculate the highest common factor of 9 and 2763.
9
Calculate the greatest common factor of 561 and 4743.
51
What is the greatest common factor of 26 and 897?
13
Calculate the highest common divisor of 11 and 6402.
11
What is the highest common factor of 190 and 50?
10
Calculate the greatest common factor of 434 and 35.
7
What is the highest common factor of 193 and 2895?
193
What is the greatest common factor of 442 and 5122?
26
What is the greatest common divisor of 63 and 6?
3
Calculate the highest common divisor of 135 and 80.
5
Calculate the greatest common factor of 6 and 162.
6
Calculate the greatest common divisor of 483 and 1771.
161
What is the greatest common divisor of 36 and 828?
36
What is the greatest common factor of 4416 and 207?
69
What is the highest common factor of 1484 and 28?
28
What is the highest common divisor of 92 and 45586?
46
Calculate the greatest common divisor of 297 and 36.
9
What is the greatest common divisor of 45 and 68205?
15
What is the highest common divisor of 30 and 40?
10
Calc